 v + f - 9 - 1, -2*f + 2 = k. List the prime factors of v.
3
Let r(u) = 2*u + 3. Let c(x) = -7*x - 8. Let n(z) = 3*c(z) + 8*r(z). List the prime factors of n(-4).
2, 5
Let s(p) = 2*p - 17. What are the prime factors of s(11)?
5
Let x(g) = 5*g - 17. Let v(z) = 3*z - 11. Let o(u) = 8*v(u) - 5*x(u). List the prime factors of o(-8).
5
Let w(o) = -o**2 - 9*o - 2. Let n be w(-9). Let j = 22 + n. List the prime factors of j.
2, 5
Let n be ((-15)/(-10))/((-3)/(-14)). Suppose -n*d - 188 = -11*d. What are the prime factors of d?
47
Suppose -5*w - 1536 = -11*w. What are the prime factors of w?
2
Suppose -4*y + 2 = -14. Suppose -y*l = -0*l - 64. What are the prime factors of l?
2
Let o = 369 - 259. What are the prime factors of o?
2, 5, 11
Let m(v) = v**3 - 14*v**2 + 16*v + 2. Let y be m(13). Suppose 3*p = q - 0*q - y, 4*p + 124 = 4*q. What are the prime factors of q?
2, 13
Let z(n) = n**3 - 7*n**2 - 10*n + 19. What are the prime factors of z(8)?
3
List the prime factors of (511/(-28))/((-4)/80).
5, 73
Let g = 72 - 51. Suppose g = y + 3. What are the prime factors of ((-12)/y)/((-4)/42)?
7
Let y be (1*-1)/(2/(-4)). Suppose y = 4*r - 6. List the prime factors of 10/(-3*r/(-6)).
2, 5
What are the prime factors of (-9)/6*(-574)/21?
41
Let t = -1 + 3. Suppose -t*p + 2*d + 40 = 0, 5*p - 55 = -3*d - d. Suppose 9 = 2*v - p. What are the prime factors of v?
2, 3
Suppose 8 + 8 = 4*l. What are the prime factors of l?
2
Let z be (-6)/((-9)/3) - 8. List the prime factors of (-46)/(-14) + z/21.
3
Let c(k) = 5 + 1 - 4*k - 1 - 1. What are the prime factors of c(-3)?
2
Let u(t) = 3*t**2 + t + 3. Let n be u(3). Let j = 1 + n. List the prime factors of j.
2, 17
Suppose 0 = -5*u + 1914 - 364. What are the prime factors of u?
2, 5, 31
Let l = -17 + 42. Let n = l - 15. Let r = -5 + n. List the prime factors of r.
5
Let u = 229 + -142. What are the prime factors of u?
3, 29
Let o be ((-54)/24)/(6/16). Let l(m) = -5*m - 6. What are the prime factors of l(o)?
2, 3
Let u = -2 - -7. Let o be -3 + 2 - (-10)/2. Suppose u*g = 5*m + 40, 2*g - 13 = o*m - 3. List the prime factors of g.
11
Suppose 3*m - 4*m - 5*s = -28, -2*m - 4*s = -26. List the prime factors of ((-3)/m - -27)*1.
2, 13
Let t(o) = -16*o + 7. What are the prime factors of t(-5)?
3, 29
Suppose 0*h + 29 = h. List the prime factors of h.
29
Let s(a) = 1 - 6 + 3*a + 3. Let k be s(2). Suppose k*g + 4*y - 25 = -y, -g + 1 = -4*y. What are the prime factors of g?
5
Let t = -8 - -7. What are the prime factors of (t - 11)*10/(-8)?
3, 5
Let b(u) = -1. Let d(s) = 5*s - 3. Let k(f) = -4*b(f) + d(f). Let w be k(7). Suppose -w = 2*l - 6*l. List the prime factors of l.
3
Suppose 0 = -5*p + h - 2*h + 512, 509 = 5*p + 2*h. What are the prime factors of p?
103
Suppose 0 = -6*j + 9*j - 171. List the prime factors of j.
3, 19
Let u = 7 - -3. Let s be 2/u + 238/10. Suppose -2*f = f - s. What are the prime factors of f?
2
Let n(a) = 16*a + 28. List the prime factors of n(9).
2, 43
Suppose -4*p = -39 - 45. Let j = 21 - 12. Let z = p - j. What are the prime factors of z?
2, 3
Let y be -2*-1*9/6. Suppose 18 + y = 3*o. Let a = 18 - o. What are the prime factors of a?
11
Suppose 0 = 3*n - 0*n + 3*p - 147, 0 = 3*n - 4*p - 182. What are the prime factors of n?
2, 3
Let s be 9*(2 - 8/6). Suppose i = 2*i - s. Let m = -4 + i. What are the prime factors of m?
2
Let z(s) = -s**2 - 10*s - 10. Let k be z(-9). Let g = k - -11. Let b = -6 + g. What are the prime factors of b?
2
Let l = -3 + 11. Let u(o) = 3*o + 8. What are the prime factors of u(l)?
2
Let f be -3 + 0 - (-11 - -7). List the prime factors of ((-10)/4)/f*-6.
3, 5
Let m(k) = -1. Let r(u) = u**2 - 8*u - 5. Let p(t) = 6*m(t) - r(t). What are the prime factors of p(6)?
11
Let q = 29 + 31. Suppose 5*g - 62 = -4*y, -4*g + q = -2*y - 0*y. What are the prime factors of g?
2, 7
Suppose -3*b = 300 - 66. Let y = -56 - b. What are the prime factors of y?
2, 11
Let t be (2/(-6))/((-2)/636). Suppose 36 - t = -5*q. List the prime factors of q.
2, 7
List the prime factors of (354/15)/((-6)/(-15)).
59
Let u(d) = d**2 + 14*d + 5. List the prime factors of u(-17).
2, 7
Let w be (-1)/(-1 + (-12)/(-15)). Let x(o) = o**2 - 2*o - 4. List the prime factors of x(w).
11
Let j be (-3)/(-7 - -1)*6. Let b = j + 9. List the prime factors of b.
2, 3
Let z(i) = i**2 - i - 1. Let c be (-1 - (-6)/4)*8. What are the prime factors of z(c)?
11
Let b(j) = j + 7. Let n be b(-5). What are the prime factors of (17/2 - 2)*n?
13
Let d be (1 + -5 + 3)*-5. Suppose -n - 5*f - 1 = 0, n - 4*n - d*f = -27. List the prime factors of n.
2, 7
Let s(f) = -f**3 + 8*f**2 - 4. What are the prime factors of s(6)?
2, 17
Let g(h) = -h**3 - 2*h**2 + h - 4. Let x be (-3)/(0 - (-3)/4). List the prime factors of g(x).
2, 3
Suppose -2*k - 5 = 4*f - 19, 4*k = -3*f + 28. Let r = k + -3. List the prime factors of r.
2
Let m(n) = -n**2 + 6*n - 5. Let a be m(4). Suppose 3*i + a*s + 5 = i, -4*i + 45 = -5*s. Let f(b) = -b**2 + 5*b + 5. What are the prime factors of f(i)?
5
Suppose 18*f = 4182 - 600. What are the prime factors of f?
199
Let x be (-20)/(-8) - 2/(-4). Suppose -w - x = -1. What are the prime factors of (w/(-4))/((-1)/(-14))?
7
Let b = -3 + 4. Let o be b*-3*(-12)/9. Let u(z) = 2*z + 4. What are the prime factors of u(o)?
2, 3
Suppose -5*r - 295 = -6*r. What are the prime factors of r?
5, 59
Let w = 14 - 16. What are the prime factors of (-444)/(-24) - 3/w?
2, 5
Suppose 17*n - 21*n + 308 = 0. What are the prime factors of n?
7, 11
Suppose -30 = -4*i - 10. Suppose -i*n + 73 = 18. List the prime factors of n.
11
Let g = 14 - -36. What are the prime factors of g?
2, 5
Let g be 47 + (0 + 2)*-1. Let m = -24 + g. List the prime factors of m.
3, 7
Let m = -7 + 10. Let g = m - 1. What are the prime factors of g?
2
Let v(k) = k - 7. Let f be v(9). Let o(x) = x**3 + 2*x**2 - 3*x + 1. Let r be o(-3). Suppose 3*i + r = -5*d, -d - 17 - 4 = -f*i. List the prime factors of i.
2
Let r(u) = -u**3 - 8*u**2 + 3*u - 1. Let p be 2/(-7) - (-54)/(-7). Let z be r(p). Let j = -12 - z. List the prime factors of j.
13
Let k = -27 - -54. What are the prime factors of k?
3
Let l = 4 + -4. Suppose 5*s = l, 84 = h + h - 2*s. What are the prime factors of h?
2, 3, 7
Suppose -3*o - 800 = -8*o. What are the prime factors of o?
2, 5
Let x be (-2)/3 + 28/42. Suppose 24 = -x*l + 3*l + 2*j, 3*j - 27 = -3*l. List the prime factors of l.
2, 3
What are the prime factors of (-3 - -1) + (0 - 51)*-1?
7
Let p(y) = 2*y**2 + 4*y + 27. What are the prime factors of p(-11)?
3, 5
What are the prime factors of (4/(32/84))/((-15)/(-380))?
2, 7, 19
Let q(m) = 0*m**2 + m**2 - 5*m + 3*m. What are the prime factors of q(-2)?
2
Suppose -3*d = d + 16, -24 = -2*l + 2*d. What are the prime factors of 260/l*8/10?
2, 13
Let v(d) = d - 13. Let h(x) = 1. Let i(f) = -3*h(f) - v(f). List the prime factors of i(-12).
2, 11
Let a = -9 + 9. List the prime factors of a + 2 + 0 + 7.
3
Let w be 3 + (-1)/1 + -19. List the prime factors of 16/(-24) + w/(-3).
5
Let m(y) = 24*y**2 - 2*y. Let t be m(2). Let f = t - 51. List the prime factors of f.
41
Let j(r) = r. Let g(o) = o**3 - 5*o**2 - 4. Let v be g(5). Let f be 8/14*(-14)/v. List the prime factors of j(f).
2
Let c(b) = 37*b**2 + 3*b - 2. List the prime factors of c(1).
2, 19
Let p(a) = 3*a**2 - 1. Let f be p(-1). Suppose 0 = -5*o, -9 = -m + 3*o + 9. Suppose 5*j - 2*u - m = 0, -j + 13 = f*j + u. What are the prime factors of j?
2
Let d(y) = 3*y**2 + 4*y + 30. What are the prime factors of d(10)?
2, 5, 37
Let z(t) = t**2 - 11*t + 1. Let i be z(10). Let s = i + 22. List the prime factors of s.
13
Let q be (-2)/9 + (-79)/9. Let t(g) = -7*g - 13. List the prime factors of t(q).
2, 5
Let h = -88 - -313. What are the prime factors of h?
3, 5
List the prime factors of (-13 - -14)/((-2)/(-6)).
3
Let g(c) = c**3 - 4*c**2 - 3*c + 2. Let h be g(5). Suppose -6*l = -2*l - h. List the prime factors of l.
3
Suppose 5*j + 3*l = 0, 5*j - j = l. Suppose 2*m - 3*u - 13 = j, u = m + 2*u + 1. Suppose 14 = m*d - 16. What are the prime factors of d?
3, 5
Suppose 5*h - 76 = 4*x + 25, -2*x - 19 = -h. Suppose 4*d - h = 5*v - 2*v, d + 2*v = 8. List the prime factors of 12 + (d/(-2))/3.
11
Let v(w) = -2*w**2 + 38*w + 19. What are the prime factors of v(18)?
5, 11
Let j(p) be the third derivative o